1) to base 5
344322302
a62588 (base 13) to base 3
21022121121000
Convert 1252214 (base 9) to base 10.
683977
ce8a7 (base 15) to base 10
656707
What is 1201313013 (base 4) in base 8?
1416707
-100201221101 (base 3) to base 16
-2ecc3
What is 7028057 (base 9) in base 12?
13039b1
Convert -c50dc (base 14) to base 12.
-1aa9b6
Convert 2323522 (base 8) to base 6.
21320550
Convert 1202212211210 (base 3) to base 12.
395503
6470036 (base 8) to base 2
110100111000000011110
Convert 1186245 (base 9) to base 11.
402577
-2128729 (base 11) to base 6
-212133513
-1164774 (base 10) to base 2
-100011100010111100110
Convert 96941a (base 11) to base 14.
2c4b13
Convert 3fc3f (base 16) to base 5.
31324213
Convert 117755 (base 8) to base 6.
513313
192691 (base 10) to base 11
121854
Convert 46272a (base 12) to base 16.
112792
Convert 11212210121 (base 3) to base 8.
273522
What is 122000514 (base 6) in base 13?
638b8a
What is -2796a (base 14) in base 4?
-113321222
What is 52152222 (base 6) in base 2?
101110000000110110110
What is 967db (base 14) in base 3?
200111000002
Convert -2a74d (base 14) to base 4.
-121303301
Convert 7247031 (base 8) to base 12.
787509
-67f7b7 (base 16) to base 9
-13734472
Convert -56615 (base 10) to base 6.
-1114035
What is -212132132 (base 5) in base 15?
-12a6cc
Convert -1049d9 (base 15) to base 3.
-1110101020120
Convert 1000011011011011100111 (base 2) to base 4.
20123123213
Convert dbc23 (base 15) to base 5.
134313413
What is -10105270 (base 8) in base 9?
-4010416
Convert 10a3b9 (base 15) to base 14.
1694c6
96282 (base 12) to base 3
101000202022
Convert 126b3 (base 15) to base 7.
333462
Convert 4a827 (base 12) to base 14.
28d55
Convert 44d99a (base 15) to base 10.
3286045
201012201201 (base 3) to base 13
10317a
What is 7320976 (base 10) in base 4?
123323112100
Convert 201011110002 (base 3) to base 5.
44032334
What is e576 (base 15) in base 11?
33479
What is 134148 (base 10) in base 4?
200300010
What is 13333271 (base 8) in base 15?
3e2a17
Convert 50534222 (base 6) to base 5.
332142043
What is 44bef (base 16) in base 11?
182615
Convert 21202211220 (base 3) to base 7.
1205001
What is -32103222102 (base 4) in base 6?
-212215350
7bd68 (base 16) to base 3
221202210200
Convert -37966 (base 16) to base 10.
-227686
What is -301032210230 (base 4) in base 6?
-1140332112
What is 27689 (base 14) in base 16?
17c39
-2100213 (base 5) to base 9
-52208
Convert 1158751 (base 9) to base 7.
5231656
5415553 (base 7) to base 14
13269a
Convert -7b4327 (base 12) to base 7.
-22543465
What is -1238b09 (base 12) in base 6?
-204155213
3d832 (base 16) to base 4
331200302
-1101200121201 (base 3) to base 7
-6206545
Convert 124a16 (base 12) to base 4.
1020322302
Convert -10222021201120 (base 3) to base 7.
-23643411
-4205340 (base 8) to base 6
-35534452
What is 67e7d (base 15) in base 13?
b7661
Convert 445847 (base 10) to base 8.
1546627
What is -11011010000100010100110 (base 2) in base 11?
-4040695
c9a5 (base 14) to base 13
12b1a
Convert 63455453 (base 8) to base 4.
303211230223
Convert -3280bb (base 13) to base 15.
-18733b
102201001022121 (base 3) to base 2
10111101110101111110101
Convert 284436 (base 9) to base 10.
173859
What is 1021222012121 (base 3) in base 10?
688327
What is 1771312 (base 8) in base 10?
520906
What is 237a251 (base 11) in base 10?
4142370
Convert -352131 (base 7) to base 4.
-33123033
Convert 416722 (base 11) to base 15.
d2c87
Convert -61c741 (base 16) to base 12.
-2190401
-300232302 (base 4) to base 13
-6cb10
What is -19678a5 (base 12) in base 4?
-110131120331
Convert 2230315 (base 6) to base 3.
12201211102
-29b089 (base 13) to base 12
-414663
What is -596907 (base 12) in base 8?
-5401227
Convert -4b727b (base 12) to base 2.
-100101101101110111111
What is 3878a1 (base 12) in base 5?
214111003
What is 1323243 (base 5) in base 3?
1100121211
Convert -1132020301 (base 4) to base 9.
-646827
Convert 1a631 (base 11) to base 9.
43341
Convert 16002361 (base 7) to base 2.
101110101100111001001
What is 10271637 (base 8) in base 5?
1030123122
What is -10352250 (base 7) in base 9?
-1601400
What is -144a15 (base 15) in base 4?
-3232223231
Convert 436905 (base 10) to base 16.
6aaa9
Convert -1430040234 (base 5) to base 13.
-a15072
What is -377461 (base 9) in base 13?
-80053
Convert -696802 (base 11) to base 15.
-16d021
What is 1063164 (base 8) in base 13?
a1346
Convert 2652600 (base 7) to base 12.
14a059
Convert -402041 (base 5) to base 12.
-7483
Convert -1db43 (base 14) to base 8.
-225017
-21021023113 (base 4) to base 11
-13978a9
What is 1232425 (base 7) in base 16?
26e87
-1146520 (base 9) to base 4
-2113233123
Convert -78106 (base 10) to base 8.
-230432
2238452 (base 11) to base 12
1390868
What is -62137 (base 8) in base 14?
-9515
What is -1ce52 (base 15) in base 5?
-11004402
What is 111000001011000 (base 2) in base 3?
1110110012
What is -67630 (base 12) in base 2?
-100001100011000100
Convert 316301406 (base 7) to base 2.
1001000000000000110110110
Convert 761257 (base 8) to base 10.
254639
What is -303300221 (base 4) in base 7?
-1542050
Convert -c1b73 (base 14) to base 5.
-104402433
What is 12450153 (base 7) in base 15?
177376
Convert -275681 (base 10) to base 16.
-434e1
-194081 (base 15) to base 16
-12bf4d
What is 187435 (base 9) in base 13?
41339
123132200002 (base 4) to base 3
111112221102001
-214c8 (base 13) to base 11
-41220
Convert 1001111103 (base 4) to base 6.
5422523
-11116442 (base 8) to base 12
-978742
What is -33301210 (base 4) in base 5?
-4031422
Convert 23424320 (base 6) to base 13.
1c9437
Convert -64137 (base 11) to base 12.
-46017
21000221 (base 4) to base 5
2140110
Convert -366372 (base 8) to base 5.
-13014302
-112110000210021 (base 3) to base 11
-4373890
120796 (base 11) to base 13
690b3
-24109 (base 10) to base 8
-57055
What is -6224d (base 15) in base 10?
-311023
Convert -1132043013 (base 5) to base 8.
-11756042
-3b384 (base 12) to base 6
-1430244
3022332112 (base 4) to base 3
1120020102221
Convert 353540524 (base 6) to base 16.
650e24
What is 41b1188 (base 12) in base 15?
1155c95
Convert -8c2a5 (base 15) to base 11.
-285190
302107 (base 10) to base 3
120100102011
What is 13c46 (base 15) in base 14?
1920c
What is -324402410 (base 5) in base 4?
-11112221120
Convert 1371001 (base 9) to base 4.
2320120231
17c0a (base 16) to base 14
27654
-101011100000110011101101 (base 2) to base 8
-53406355
Convert -10001000011001000101011 (base 2) to base 16.
-44322b
What is 2011201122 (base 4) in base 10?
546906
-333310 (base 5) to base 6
-130105
10101010111100110 (base 2) to base 14
23c7c
Convert -1265022 (base 7) to base 4.
-220313220
Convert -20012211202 (base 3) to base 14.
-3283b
What is -312a31 (base 11) in base 7?
-4156453
Convert 1109801 (base 10) to base 8.
4167451
1247614 (base 8) to base 13
c2558
What is -551313 (base 9) in base 15?
-67759
Convert 35646625 (base 7) to base 8.
14062553
Convert 11100011110010001111111 (base 2) to base 11.
4238952
What is 11101011111111101001000 (base 2) in base 5?
3434424224
What is 12c6f (base 16) in base 14?
20059
14a000 (base 11) to base 6
4554205
-132321311130 (base 4) to base 2
-11110111001110101011100
What is 374993 (base 14) in base 16?
1ceb55
-133545 (base 7) to base 10
-25317
245415 (base 6) to base 8
52723
What is 100101120102 (base 3) in base 12?
8ab85
-420324 (base 5) to base 8
-33017
What is 33183a (base 11) in base 16?
8140a
What is -43422211 (base 5) in base 2?
-1011011001010110111
Convert -223340111 (base 5) to base 13.
-28b620
What is -393b (base 15) in base 10?
-12206
101001011001001001000 (base 2) to base 14
27442c
22451154 (base 6) to base 5
134103204
-21734565 (base 9) to base 16
-a0bb99
-644b0 (base 16) to base 10
-410800
Convert -87d4b5 (base 14) to base 9.
-8603132
What is 4402443220 (base 5) in base 14?
13737b7
What is 1001010111010100010 (base 2) in base 7?
2415415
What is 141838 (base 9) in base 2?
10101001010110001
What is 12234533 (base 8) in base 6?
133523403
-70a35 (base 15) to base 10
-356675
-202122100223 (base 4) to base 2
-100010011010010000101011
Convert 203235321 (base 6) to base 12.
1218b41
What is -120210345 (base 6) in base 11?
-130135a
Convert -b55d53 (base 14) to base 10.
-6124485
What is -11211101 (base 3) in base 14?
-13d6
What is -371a2 (base 15) in base 16?
-2af05
Convert -